 544 and 224?
32
Calculate the highest common factor of 158139 and 27.
27
What is the greatest common factor of 992 and 64?
32
Calculate the highest common divisor of 402 and 1474.
134
Calculate the greatest common factor of 944 and 16.
16
What is the greatest common divisor of 3036 and 4224?
132
Calculate the highest common divisor of 170 and 310.
10
Calculate the greatest common factor of 5 and 255.
5
Calculate the highest common divisor of 4296 and 72.
24
What is the highest common divisor of 1616 and 16?
16
What is the highest common factor of 8 and 394?
2
Calculate the highest common divisor of 1008 and 104.
8
Calculate the highest common factor of 3 and 9.
3
What is the greatest common divisor of 286 and 182?
26
What is the greatest common factor of 39930 and 30?
30
What is the greatest common factor of 46503 and 9?
9
Calculate the highest common factor of 1383 and 3.
3
Calculate the highest common divisor of 244 and 108.
4
What is the highest common factor of 11 and 2761?
11
What is the highest common divisor of 24 and 232?
8
Calculate the greatest common factor of 20 and 820.
20
What is the highest common divisor of 306 and 18?
18
What is the highest common factor of 5111 and 19?
19
Calculate the highest common divisor of 88 and 253.
11
Calculate the greatest common factor of 2142 and 154.
14
What is the highest common divisor of 2875 and 500?
125
Calculate the highest common divisor of 6612 and 108.
12
Calculate the greatest common divisor of 56 and 712.
8
What is the highest common factor of 9 and 15?
3
Calculate the greatest common factor of 240 and 168.
24
Calculate the greatest common factor of 14 and 118.
2
Calculate the greatest common factor of 37 and 8251.
37
Calculate the greatest common factor of 3 and 1623.
3
Calculate the highest common factor of 48 and 21.
3
What is the greatest common factor of 182 and 112?
14
What is the highest common factor of 105 and 42?
21
Calculate the highest common divisor of 6318 and 156.
78
What is the greatest common factor of 162 and 2?
2
Calculate the greatest common factor of 13 and 1.
1
What is the greatest common divisor of 575 and 4715?
115
What is the greatest common divisor of 72 and 954?
18
What is the highest common factor of 9 and 45?
9
What is the highest common factor of 1 and 283?
1
Calculate the highest common factor of 24 and 6408.
24
What is the greatest common divisor of 30 and 17270?
10
Calculate the greatest common factor of 25548 and 12.
12
Calculate the greatest common divisor of 5 and 18.
1
What is the highest common divisor of 234 and 3159?
117
Calculate the greatest common factor of 564 and 204.
12
Calculate the highest common divisor of 342 and 9.
9
Calculate the highest common factor of 21 and 9.
3
What is the greatest common factor of 30 and 1185?
15
Calculate the highest common divisor of 3550 and 250.
50
What is the greatest common factor of 2211 and 165?
33
Calculate the greatest common factor of 20 and 632.
4
Calculate the highest common factor of 805 and 5980.
115
Calculate the highest common factor of 6 and 21.
3
What is the greatest common divisor of 1098 and 122?
122
Calculate the greatest common divisor of 35 and 175.
35
Calculate the highest common divisor of 288 and 32.
32
What is the highest common divisor of 33 and 57?
3
Calculate the greatest common factor of 66 and 5214.
66
Calculate the greatest common factor of 180 and 104.
4
What is the greatest common factor of 175 and 245?
35
What is the highest common divisor of 82 and 82?
82
What is the highest common factor of 221 and 1241?
17
What is the highest common factor of 264 and 99?
33
What is the highest common divisor of 1940 and 20?
20
Calculate the highest common divisor of 970 and 80.
10
What is the highest common divisor of 35 and 3150?
35
What is the highest common divisor of 652 and 4238?
326
Calculate the highest common factor of 670 and 330.
10
Calculate the greatest common factor of 51 and 17.
17
What is the greatest common divisor of 1518 and 207?
69
What is the greatest common factor of 399 and 1008?
21
What is the greatest common divisor of 3 and 12171?
3
Calculate the highest common factor of 5145 and 75.
15
What is the highest common divisor of 1052 and 16?
4
What is the greatest common factor of 30 and 2190?
30
Calculate the greatest common divisor of 1782 and 36.
18
What is the highest common divisor of 122 and 13054?
122
What is the highest common divisor of 41 and 533?
41
Calculate the greatest common divisor of 80 and 90.
10
What is the greatest common divisor of 532 and 7?
7
Calculate the greatest common divisor of 1574 and 2.
2
Calculate the greatest common factor of 231 and 33.
33
Calculate the greatest common factor of 435 and 928.
29
What is the greatest common factor of 18 and 1182?
6
What is the greatest common factor of 38 and 1406?
38
What is the highest common factor of 66 and 48?
6
What is the greatest common divisor of 288 and 1216?
32
Calculate the highest common factor of 12 and 1572.
12
Calculate the highest common divisor of 11611 and 51.
17
Calculate the greatest common factor of 25491 and 261.
87
Calculate the greatest common divisor of 670 and 10.
10
What is the highest common divisor of 72 and 96?
24
Calculate the highest common divisor of 4354 and 14.
14
Calculate the greatest common factor of 18 and 1206.
18
Calculate the highest common divisor of 28 and 868.
28
What is the greatest common factor of 1598 and 4700?
94
Calculate the greatest common divisor of 26 and 793.
13
Calculate the greatest common factor of 6 and 22.
2
What is the highest common factor of 205 and 10?
5
What is the highest common divisor of 1 and 3?
1
What is the greatest common divisor of 1342 and 44?
22
Calculate the greatest common factor of 2313 and 18.
9
Calculate the highest common factor of 49 and 63.
7
What is the highest common factor of 10538 and 11?
11
What is the greatest common divisor of 320 and 2000?
80
What is the greatest common divisor of 1674 and 378?
54
What is the greatest common factor of 132 and 2442?
66
What is the greatest common factor of 84 and 63?
21
What is the greatest common divisor of 34 and 527?
17
What is the greatest common factor of 45 and 468?
9
Calculate the greatest common factor of 7 and 292.
1
Calculate the highest common factor of 120 and 3840.
120
What is the highest common factor of 261 and 27?
9
What is the greatest common divisor of 333 and 37?
37
What is the highest common factor of 656 and 6724?
164
What is the highest common factor of 30 and 70?
10
Calculate the greatest common divisor of 451 and 205.
41
What is the highest common divisor of 1343 and 948?
79
Calculate the greatest common divisor of 132 and 4928.
44
Calculate the highest common divisor of 70 and 56.
14
What is the highest common divisor of 34 and 85?
17
What is the greatest common factor of 817 and 171?
19
What is the highest common factor of 380 and 665?
95
What is the highest common divisor of 240 and 2544?
48
Calculate the highest common factor of 256 and 80.
16
Calculate the highest common divisor of 44 and 11.
11
What is the greatest common divisor of 3990 and 3458?
266
Calculate the highest common divisor of 9 and 24.
3
Calculate the highest common divisor of 47 and 5687.
47
What is the highest common factor of 1023 and 62?
31
What is the greatest common divisor of 44 and 66?
22
What is the greatest common factor of 968 and 88?
88
Calculate the highest common factor of 410 and 20.
10
What is the greatest common divisor of 36 and 3324?
12
What is the greatest common divisor of 8010 and 450?
90
What is the highest common divisor of 100 and 10?
10
What is the greatest common factor of 62 and 1984?
62
What is the greatest common divisor of 21 and 141?
3
Calculate the greatest common factor of 429 and 33.
33
Calculate the greatest common divisor of 31 and 4.
1
Calculate the highest common divisor of 645 and 172.
43
Calculate the highest common factor of 25 and 15.
5
What is the greatest common divisor of 45 and 9?
9
What is the highest common divisor of 4158 and 168?
42
What is the highest common factor of 66 and 126?
6
What is the highest common divisor of 459 and 9?
9
Calculate the highest common factor of 23 and 207.
23
What is the highest common factor of 21 and 77?